87. What are the prime factors of p?
2, 31, 167
Let a(s) = 14633*s**2 + 125*s - 124. List the prime factors of a(1).
2, 3, 271
Let a = 38 + -93. What are the prime factors of 12716/a*(-5)/2?
2, 17
Let w = 2 + 37. Let b = 37 - w. What are the prime factors of (6/9)/(b/(-75))?
5
Let y(k) = k**2 - k. Let v(g) = -20*g**2 - 39*g - 25. Let i(l) = -v(l) + 2*y(l). What are the prime factors of i(-10)?
5, 7, 53
Let j = -121 + 106. Let k = -64 + j. Let c = 329 + k. What are the prime factors of c?
2, 5
Let n be (-3)/(-6)*(3 + -129). Let d = -61 - n. Suppose -m = -x - 47, d*m - 98 = -0*m + x. List the prime factors of m.
3, 17
Let r = -163 + 631. What are the prime factors of 2*20/8 + r?
11, 43
Let g be (-30)/(16/18 + 6/(-9)). Let t = 0 - g. Let b = 195 - t. List the prime factors of b.
2, 3, 5
Let w = -143 - -124. Let q(h) = -h**2 - 30*h + 63. What are the prime factors of q(w)?
2, 17
Let w = -85 + 91. Suppose -216 = 5*v - w*v - 2*n, 0 = 5*v + 3*n - 1066. List the prime factors of v.
2, 53
Let c = -24421 + 27113. List the prime factors of c.
2, 673
Suppose 18*g - 22*g + 11428 = 4*m, 5*g + 2*m = 14279. What are the prime factors of g?
5, 571
Let m = 115 - -294. What are the prime factors of m?
409
Let z be (-3)/(-5) + 89135/25. What are the prime factors of z/11 - 68/374?
2, 3
Let v = 34170 - 11359. What are the prime factors of v?
22811
Let c be 15/(-6)*(1 + -3). Let u(j) = -13 - j**3 + 3*j**3 + 10*j - 9*j + c*j**2. What are the prime factors of u(3)?
89
Suppose 2*a + 4*z = 4026, a + z = 1617 + 394. Suppose 126 = 7*f - a. List the prime factors of f.
5, 61
Suppose -7*g = -10112 + 956. Suppose -b + 260 = -k, -2*k + 5*k = -5*b + g. What are the prime factors of b?
3, 29
Let t = 44004 + -14484. Suppose -35*j + t = -5*j. List the prime factors of j.
2, 3, 41
Let a(n) = -n**3 + 13*n**2 + 14*n. Let k be a(14). Suppose l + 4*l = k, 2*l = 2*c. Suppose c = 5*s - 82 - 173. List the prime factors of s.
3, 17
List the prime factors of (-1)/(-2)*6098*(16 + -12).
2, 3049
Let t = 41 + -37. Suppose -2*m + s = -404, 3*s = -t*m + 1116 - 288. List the prime factors of m.
2, 3, 17
Suppose -3*b - 3*u = -2*u + 1911, 1917 = -3*b + u. Let p = 254 - b. What are the prime factors of p?
2, 223
What are the prime factors of (-1344)/(-1120)*(-57490)/(-6)?
2, 5749
Suppose -2445 - 105589 = -19*k. What are the prime factors of k?
2, 2843
Let p = 7138 + -3003. List the prime factors of p.
5, 827
Suppose 8*g - 11*g + 4*x + 26994 = 0, -g - 2*x = -8978. What are the prime factors of g?
2, 5, 29, 31
Suppose 27*h = 20*h. Suppose 5*m - 4*x - 1750 - 1521 = h, -3*x = 2*m - 1290. What are the prime factors of m?
3, 7, 31
Suppose 4*a = 3*x - 291, -2*x + 3*x = -3*a - 228. Let z = a + 81. Suppose -z = -2*h, -2*y + h + 4 + 253 = 0. List the prime factors of y.
2, 5, 13
Let m(i) = -6*i - 9. Let r(k) = k + 1. Let t(p) = 5*p + 5. Let b(u) = 6*r(u) - t(u). Let q(g) = -2*b(g) + m(g). What are the prime factors of q(-7)?
3, 5
Suppose 590*t - 552*t - 967681 + 149579 = 0. What are the prime factors of t?
21529
Suppose 8*j = 55 + 33. Suppose 0 = -j*a + 241 + 67. List the prime factors of a.
2, 7
Let x = -1205 + 1911. Let v = -532 + x. What are the prime factors of v?
2, 3, 29
Let l(j) = -443*j - 5616. List the prime factors of l(-89).
33811
Suppose l + 5*c + 14 = -16, -c - 1 = 0. Let r(p) = -7*p + 406. Let y be r(46). What are the prime factors of (12/(-14))/((50/y)/l)?
2, 3
Let f(b) = -2*b - 11. Let h be f(-3). Let z be (-13)/(-52) + 998/8. Let d = z + h. List the prime factors of d.
2, 3, 5
Let r(c) be the second derivative of c**5/20 - 5*c**4/4 + 5*c**3/2 + 43*c**2/2 + 22*c. Let b be r(14). Suppose 58*t - 55 = b*t. What are the prime factors of t?
5, 11
Let i(a) = -2*a**2 + 49*a - 20. Let f be i(18). Let m = f - 161. List the prime factors of m.
53
Let j(p) = -p + 4. Let f be j(-2). Suppose 3*t - 2*t = f*t. Suppose -5*w + 394 = 2*g, 4*w + 2*g - 10 - 306 = t. List the prime factors of w.
2, 3, 13
Suppose 0 = 5*w + 2*l - 4, 6 = -w + 6*w + 3*l. Suppose 2646 = 21*m - w*m. What are the prime factors of 1/(-7)*-1 - (-34002)/m?
2, 3, 5
Suppose 3*k + 2130 = -4*u, -k - 717 = 46*u - 47*u. Let p = k + 1789. List the prime factors of p.
5, 43
Let c(b) = 52*b**2 - 528*b + 14. List the prime factors of c(-5).
2, 3, 659
Suppose 19*s = 20*s - 29. Suppose s*f + 928 = 33*f. What are the prime factors of f/(-20)*10/(-4)?
29
Let v(c) = -117*c + 74. Let m be v(9). Let l = -642 - m. What are the prime factors of l?
337
Suppose -d + 3 - 8 = 0, 5*d + 31 = 2*a. Let i(j) = 4*j**a + 1 - 5*j**3 - 27*j - 4*j**2 + 19*j - 6*j**2. What are the prime factors of i(-10)?
3
Let k(w) = 210*w + 1839. What are the prime factors of k(55)?
3, 4463
Let q = 5414 + -166. What are the prime factors of q?
2, 41
Suppose -11424 = -8*h + 2*h. Suppose -21*m + 25*m - h = 0. What are the prime factors of m?
2, 7, 17
Let l(d) = -2152*d + 2885. What are the prime factors of l(-15)?
5, 13, 541
Suppose -430 - 300 = -2*t - b, -3*t + 1113 = -3*b. Let s = t + 22. What are the prime factors of s?
389
Let w(u) = -6*u**2 + 11*u + 35. Let t be w(-7). Let d = -98 - t. List the prime factors of d.
2, 7, 17
Let w(m) = -43*m**3 - 2*m**2 - 2*m - 3. Let f be w(-3). Suppose 15*h = 13*h + f. List the prime factors of h.
3, 191
Suppose -13*j + 11*j = -l + 551, -289 = j - 5*l. Let v = 717 + j. List the prime factors of v.
443
What are the prime factors of (5 + 54/(-12))/1*139772/2?
83, 421
Suppose 3367 = 12*m - 181567 + 37190. What are the prime factors of m?
2, 3, 19
Suppose -9*d - 1690 = -14*d. Suppose -l - 3*n = -d, -2*l + 696 = -4*n + 6*n. List the prime factors of l.
353
Let r be (-2)/(-4) - 110/20. What are the prime factors of (-15)/(-10)*r/(60/(-10216))?
1277
Suppose -2*w - 54801 = -3*c + 95538, -5*w = 0. What are the prime factors of c?
7, 7159
Let q(a) = -a**3 - 9*a**2 - 10*a - 16. Let y be q(-8). Let c be 243 - (6/(-3) - y). Suppose c = 3*i + 2*z, -5*i + 3*z = 2*z - 404. List the prime factors of i.
3
Let o(a) = 220*a - 2268. List the prime factors of o(80).
2, 3833
Suppose 21*o + 259674 = -18*o + 790815. List the prime factors of o.
13619
Let k = 55133 - 26337. What are the prime factors of k?
2, 23, 313
Suppose 320963 + 3816253 = 64*c. List the prime factors of c.
2, 3, 5387
Let r = -21 - -52. Suppose 39 = -c - 5*n - r, 0 = 3*c + 2*n + 197. Let v = 112 + c. List the prime factors of v.
47
What are the prime factors of -100*(-64 + (-3 - -1 - 1))?
2, 5, 67
List the prime factors of ((-175)/60 - 9/108)*11267/(-3).
19, 593
Let y(o) = -o**2 + 26*o - 15. Suppose -5*x - r = 1, 0*r - 1 = r. Suppose x = 3*f - 49 + 10. What are the prime factors of y(f)?
2, 7, 11
Let w be 1 + (-4)/6 + (-20)/(-12). Let j be 0*(0 - 2)/w + 315. Suppose 0*q + j = 7*q. What are the prime factors of q?
3, 5
Let u(q) = -38*q + 34. Let z be u(-12). Suppose k + 61 = 5*x + z, -2*k - x + 825 = 0. List the prime factors of k.
2, 3, 23
Let t(v) = 1665*v**2 + 97*v + 355. List the prime factors of t(-4).
3, 7, 181
Suppose -l + 677 = 3*k, l - 1310 = -l + 5*k. Let t = 1100 - l. List the prime factors of t.
3, 5, 29
Let a = -750 - -1094. Let x = a + -119. Suppose -x = -6*g + g. List the prime factors of g.
3, 5
Suppose -14*b = -60880 - 24870. What are the prime factors of b?
5, 7
What are the prime factors of (-6)/10 + 143/130 + 124075/14?
8863
Let i = 8256 + -4694. What are the prime factors of i?
2, 13, 137
Let w(k) = -1018*k + 105. What are the prime factors of w(-9)?
3, 3089
Suppose -2*s = d - 3677, 19837 - 1488 = 5*d + 4*s. List the prime factors of d.
5, 733
Let b = 30 + -36. Let v be 1/((b/(-16))/((-54)/(-8))). Let d(h) = h**3 - 17*h**2 - 16*h - 20. List the prime factors of d(v).
2
Let b = -1847 - -11354. What are the prime factors of b?
3, 3169
Let m(r) = -352*r + 4. Let j be m(-2). Let o = j + -388. What are the prime factors of o?
2, 5
Let s = -19291 - -36213. What are the prime factors of s?
2, 8461
Let m be (-3)/(23 - 2) - 2602/14. Let d = -57 - m. List the prime factors of d.
3, 43
Let u(v) be the second derivative of -v**5/20 + 7*v**4/12 - v**3/6 + 2*v**2 - 575*v. Let m be (2/(-4))/((-2)/16). List the prime factors of u(m).
2, 3
Let m(x) = -x**2 - 84*x - 766. What are the prime factors of m(-53)?
877
Let t(w) = 11*w - 45. Let n(m) = -5*m + 23. Let i(b) = 5*n(b) + 2*t(b). Let h(o) = -o + 